In base 7, what is 452 - -2?
454
In base 7, what is -1633 - -1?
-1632
In base 4, what is 23111 - -1?
23112
In base 2, what is -11111 - 100?
-100011
In base 2, what is -1000111 + -1?
-1001000
In base 3, what is 110121122 + -11?
110121111
In base 13, what is 5bc - -2?
5c1
In base 11, what is -10 + 32?
22
In base 6, what is 5 + 325?
334
In base 9, what is -140 - 7?
-147
In base 5, what is -3 - 24340?
-24343
In base 13, what is -2228 - 2?
-222a
In base 5, what is -43 - 0?
-43
In base 4, what is -3 + -130?
-133
In base 10, what is 16 - 14?
2
In base 6, what is -1 - 1032?
-1033
In base 9, what is 6 + 170?
176
In base 7, what is -102 - -102?
0
In base 3, what is -20201002 - -12?
-20200220
In base 13, what is bab + 5?
bb3
In base 16, what is 1b + -c?
f
In base 16, what is -5 - -5?
0
In base 3, what is -1011211 + -2?
-1011220
In base 10, what is 95 - 52?
43
In base 9, what is -8 - -83?
74
In base 12, what is 9 - -7?
14
In base 12, what is -18a + 20?
-16a
In base 5, what is -24 + -2144?
-2223
In base 10, what is 47 + 0?
47
In base 2, what is -11000111 - -11?
-11000100
In base 14, what is -b + -1d?
-2a
In base 12, what is a2 + 9?
ab
In base 13, what is -160 - 4?
-164
In base 2, what is 1 + -1001000?
-1000111
In base 6, what is -13 - 0?
-13
In base 9, what is 17 + 4?
22
In base 16, what is -2 - f09?
-f0b
In base 11, what is -5 + -13a4?
-13a9
In base 5, what is -10320 - -32?
-10233
In base 5, what is 3132 - 0?
3132
In base 5, what is 1 - 210?
-204
In base 16, what is 10 + 3?
13
In base 14, what is -2 + -81?
-83
In base 10, what is -162 - 3?
-165
In base 6, what is 35 + -12?
23
In base 5, what is 13312 + -4?
13303
In base 11, what is 260 - -2?
262
In base 5, what is 2012 + 0?
2012
In base 12, what is 2 + 4a?
50
In base 6, what is -4311 + -23?
-4334
In base 2, what is 101 + -100100010?
-100011101
In base 8, what is -171 + 0?
-171
In base 4, what is 0 + -1231?
-1231
In base 10, what is 100 + 12?
112
In base 11, what is 94 - -15?
a9
In base 7, what is -1 - -121?
120
In base 11, what is -104 + -35?
-139
In base 9, what is -5833 - 2?
-5835
In base 11, what is -7 + 141?
135
In base 14, what is -1 - -442?
441
In base 16, what is 6a + -9?
61
In base 5, what is -20 - 10313?
-10333
In base 5, what is 3 + -1142?
-1134
In base 2, what is 1000111 + 101001?
1110000
In base 14, what is 3 - 12d?
-12a
In base 7, what is -540 - -26?
-511
In base 5, what is 1 - -424?
430
In base 7, what is 0 - 205?
-205
In base 5, what is 133 - 4?
124
In base 10, what is -953 - -5?
-948
In base 8, what is -4211 - 1?
-4212
In base 11, what is -1298 + -2?
-129a
In base 11, what is 7 - -120?
127
In base 10, what is 313 + -5?
308
In base 6, what is -1 - -2301?
2300
In base 4, what is -21 - -231?
210
In base 5, what is -10 - 0?
-10
In base 6, what is 2213 + 3?
2220
In base 6, what is 2 - 302?
-300
In base 9, what is -58 - 13?
-72
In base 8, what is 4 + -142?
-136
In base 5, what is 4 - 10011?
-10002
In base 6, what is 21 + -14?
3
In base 10, what is 58 - 1?
57
In base 10, what is -23 + -5?
-28
In base 7, what is -4 - 361?
-365
In base 8, what is -1551 - 2?
-1553
In base 16, what is 8 - -4?
c
In base 6, what is 23 + -121?
-54
In base 12, what is -6 + -92?
-98
In base 2, what is -101001 - 1010001?
-1111010
In base 3, what is 0 - -100211?
100211
In base 6, what is -40 + -5?
-45
In base 8, what is 4 + -347?
-343
In base 16, what is -7 - -45?
3e
In base 13, what is -3bb - a?
-3c8
In base 2, what is 100 - 11100?
-11000
In base 10, what is 231 + -27?
204
In base 7, what is 15 - -50?
65
In base 4, what is -30021 - -10?
-30011
In base 4, what is -2213 + -2?
-2221
In base 13, what is -44 - -13?
-31
In base 15, what is -18 + 3?
-15
In base 13, what is 782 + -11?
771
In base 12, what is 2 + 95?
97
In base 7, what is -43 + 144?
101
In base 9, what is -2 - 11?
-13
In base 14, what is -2035 - 4?
-2039
In base 6, what is 2 + -121?
-115
In base 8, what is 2225 + 0?
2225
In base 10, what is 2 + 416?
418
In base 4, what is -323 + -33?
-1022
In base 11, what is -10 + -12?
-22
In base 5, what is -4 + 120?
111
In base 16, what is -1be5 + -3?
-1be8
In base 10, what is 8 + -732?
-724
In base 10, what is 4669 - -4?
4673
In base 5, what is -2 - 30?
-32
In base 5, what is 2204 + -24?
2130
In base 2, what is 100 + -111010111?
-111010011
In base 5, what is -3113 + 4?
-3104
In base 2, what is -11 - 111001001?
-111001100
In base 5, what is 3040 - -10?
3100
In base 14, what is -3 - 58d?
-592
In base 15, what is 2 - -8b2?
8b4
In base 8, what is -103 - 5?
-110
In base 12, what is -100 + 4?
-b8
In base 7, what is 2 + 4010?
4012
In base 4, what is -121000 + -11?
-121011
In base 9, what is -2 + 413?
411
In base 5, what is -23234 + 10?
-23224
In base 3, what is -1 - 122212?
-122220
In base 15, what is -2e + -5?
-34
In base 10, what is -12 + -34?
-46
In base 7, what is -1044 - -3?
-1041
In base 15, what is 80 - -4?
84
In base 7, what is 13 + -1045?
-1032
In base 12, what is 0 + 5b?
5b
In base 6, what is 135 + 10?
145
In base 9, what is 57 + 341?
408
In base 6, what is 45 + 1200?
1245
In base 12, what is 607 - -3?
60a
In base 12, what is -5 + -111?
-116
In base 4, what is -221 - -101?
-120
In base 2, what is 1001000011011 + 11?
1001000011110
In base 6, what is -425055 - 0?
-425055
In base 13, what is -5 + 166?
161
In base 7, what is 23 + -320?
-264
In base 4, what is -10 - -13023?
13013
In base 8, what is -1330 + -13?
-1343
In base 3, what is -10022 + 1?
-10021
In base 3, what is -102 - -1021?
212
In base 4, what is 2220020 - 11?
2220003
In base 16, what is -8 - 0?
-8
In base 11, what is 703 - -1?
704
In base 3, what is -11200 - 2?
-11202
In base 12, what is 3aa9 + -5?
3aa4
In base 10, what is 4 + 87?
91
In base 7, what is 5 + -2613?
-2605
In base 13, what is 6a + 8?
75
In base 7, what is -133 - 10?
-143
In base 4, what is 31002 + 11?
31013
In base 12, what is 2 + 16?
18
In base 7, what is 202 - -414?
616
In base 14, what is 0 + 39?
39
In base 8, what is 177 + 4?
203
In base 15, what is -4 + -c26?
-c2a
In base 4, what is 1201 + -31?
1110
In base 13, what is -32 - 5?
-37
In base 6, what is -3 - -210?
203
In base 10, what is 22 - 40?
-18
In base 3, what is -12 + 1111000?
1110211
In base 12, what is 106 + -17?
ab
In base 2, what is -1000 - -10000101?
1111101
In base 4, what is 100110 - -3?
100113
In base 8, what is -2 + 1600?
1576
In base 3, what is -1 + -2201?
-2202
In base 6, what is -102 - 313?
-415
In base 5, what is -212410 - -10?
-212400
In base 14, what is 212 - -1?
213
In base 12, what is 1 + 121?
122
In base 2, what is -101 - -1000000?
111011
In base 15, what is -1 + 5e?
5d
In base 14, what is -34 + 2?
-32
In base 8, what is -12 + 22?
10
In base 16, what is 5 - 9d?
-98
In base 11, what is 49 + -310?
-272
In base 14, what is 81a - -1?
81b
In base 10, what is -2 - 17?
-19
In base 16, what is -2 + 2f9?
2f7
In base 11, what is -1592 + 2?
-1590
In base 6, what is 252 - 211?
41
In base 4, what is 1 - 33030?
-33023
In base 4, what is 30220 + 10?
30230
In base 2, what is -1101000 - -1?
-1100111
In base 8, what is -754 + 3?
-751
In base 12, what is -1046b - -2?
-10469
In base 7, what is -333 - -55?
-245
In base 4, what is -33000 - -1?
-32333
In base 16, what is 50 + 28?
78
In base 14, what is -44b + 4?
-447
In base 10, what is 2101 - -3?
2104
In base 14, what is 21 - -13c?
15d
In base 6, what is 3 + -245?
-242
In base 12, what is 266 - -4?
26a
In base 13, what is 6b + -2?
69
In base 7, what is 12 - 1150?
-1135
In base 8, what is -1 + 160?
157
In base 9, what is -2 + 28?
26
In base 11, what is -5 + -1a09?
-1a13
In base 15, what is 28 + a?
33
In base 6, what is 15 - -34?
53
In base 2, what is -10 - -1001011100010?
1001011100000
In base 13, what is -96 + 57?
-3c
In base 12, what is 1 + -113?
-112
In base 6, what is 13 + 21350?
21403
In base 4, what is 1111 - -11?
1122
In base 10, what is -5 - -2?
-3
In base 15, what is 1 - 39?
-38
In base 16, what is -18 + 23?
b
In base 11, what is 2 + -413?
-411
In base 2, what is 101 + 110011?
111000
In base 16, what is e + e?
1c
In base 9, what is 1062 - -3?
1065
In base 9, what is 6 + -2157?
-2151
In base 6, what is 10302 + -1?
10301
In base 14, what is 319 + 2?
31b
In base 4, what is 1221 - -132?
2013
In base 13, what is -4 + 2b?
27
In base 5, what is 20341 - -1?
20342
In base 10, what is 602 - 1?
6